{"id":346,"date":"2021-06-10T11:34:20","date_gmt":"2021-06-10T11:34:20","guid":{"rendered":"https:\/\/archiv.fubo.ch\/?page_id=346"},"modified":"2021-06-10T11:34:20","modified_gmt":"2021-06-10T11:34:20","slug":"chiasso","status":"publish","type":"page","link":"https:\/\/rmann.ch\/?page_id=346","title":{"rendered":"Chiasso"},"content":{"rendered":"\n<figure class=\"wp-block-gallery columns-3 is-cropped wp-block-gallery-1 is-layout-flex wp-block-gallery-is-layout-flex\"><ul class=\"blocks-gallery-grid\"><li class=\"blocks-gallery-item\"><figure><img loading=\"lazy\" decoding=\"async\" width=\"300\" height=\"187\" src=\"https:\/\/rmann.ch\/wp-content\/uploads\/2021\/06\/chiasso_tv-300x187-1.jpg\" alt=\"\" data-id=\"331\" data-full-url=\"https:\/\/rmann.ch\/wp-content\/uploads\/2021\/06\/chiasso_tv-300x187-1.jpg\" data-link=\"https:\/\/rmann.ch\/chiasso_tv-300x187\/\" class=\"wp-image-331\" srcset=\"https:\/\/rmann.ch\/wp-content\/uploads\/2021\/06\/chiasso_tv-300x187-1.jpg 300w, https:\/\/rmann.ch\/wp-content\/uploads\/2021\/06\/chiasso_tv-300x187-1-96x60.jpg 96w\" sizes=\"auto, (max-width: 300px) 100vw, 300px\" \/><\/figure><\/li><li class=\"blocks-gallery-item\"><figure><img loading=\"lazy\" decoding=\"async\" width=\"300\" height=\"187\" src=\"https:\/\/rmann.ch\/wp-content\/uploads\/2021\/06\/chiasso_farbe_blau1400x900-300x187-1.jpg\" alt=\"\" data-id=\"332\" data-full-url=\"https:\/\/rmann.ch\/wp-content\/uploads\/2021\/06\/chiasso_farbe_blau1400x900-300x187-1.jpg\" data-link=\"https:\/\/rmann.ch\/chiasso_farbe_blau1400x900-300x187\/\" class=\"wp-image-332\" srcset=\"https:\/\/rmann.ch\/wp-content\/uploads\/2021\/06\/chiasso_farbe_blau1400x900-300x187-1.jpg 300w, https:\/\/rmann.ch\/wp-content\/uploads\/2021\/06\/chiasso_farbe_blau1400x900-300x187-1-96x60.jpg 96w\" sizes=\"auto, (max-width: 300px) 100vw, 300px\" \/><figcaption class=\"blocks-gallery-item__caption\">Chiasso<\/figcaption><\/figure><\/li><li class=\"blocks-gallery-item\"><figure><img loading=\"lazy\" decoding=\"async\" width=\"300\" height=\"200\" src=\"https:\/\/rmann.ch\/wp-content\/uploads\/2021\/06\/Chiasso-Funktion_still_tmp-300x200-1.jpeg\" alt=\"\" data-id=\"333\" data-full-url=\"https:\/\/rmann.ch\/wp-content\/uploads\/2021\/06\/Chiasso-Funktion_still_tmp-300x200-1.jpeg\" data-link=\"https:\/\/rmann.ch\/chiasso-funktion_still_tmp-300x200\/\" class=\"wp-image-333\" srcset=\"https:\/\/rmann.ch\/wp-content\/uploads\/2021\/06\/Chiasso-Funktion_still_tmp-300x200-1.jpeg 300w, https:\/\/rmann.ch\/wp-content\/uploads\/2021\/06\/Chiasso-Funktion_still_tmp-300x200-1-90x60.jpeg 90w\" sizes=\"auto, (max-width: 300px) 100vw, 300px\" \/><\/figure><\/li><\/ul><\/figure>\n\n\n\n<p>\u2026 harmonisch. Nichts unterbricht die verzaubernde Reinheit und Harmonie eines monoplanen Schiebers \u2013 ein solcher Anblick ist immer auch eine Symphonie f\u00fcr alle Sinne.<\/p>\n\n\n\n<p><strong>Front<\/strong>&nbsp;In allen RAL und NCS-Farben, oder vollfl\u00e4chiger Spiegel<\/p>\n\n\n\n<p><strong>Korpus<\/strong>&nbsp;In allen RAL und NCS-Farben<\/p>\n\n\n\n<p><strong>Innen<\/strong>&nbsp;Weiss, auf Wunsch farbig<\/p>\n\n\n\n<h3 class=\"wp-block-heading\">Masse<\/h3>\n\n\n\n<figure class=\"wp-block-table\"><table><tbody><tr><td><strong>H\u00f6he<\/strong><\/td><td>bis 242 cm<\/td><\/tr><tr><td><strong>Tiefe<\/strong><\/td><td>bis 65 cm<\/td><\/tr><tr><td><strong>Breite<\/strong><\/td><td>194 cm \/ 242 cm \/ 290 cm<\/td><\/tr><\/tbody><\/table><\/figure>\n\n\n\n<p>Hier geht\u2019s zu unseren Preislisten<\/p>\n\n\n\n<figure class=\"wp-block-image size-medium\"><img loading=\"lazy\" decoding=\"async\" width=\"300\" height=\"121\" src=\"https:\/\/rmann.ch\/wp-content\/uploads\/2021\/05\/Preislisten-alle-300x121.png\" alt=\"\" class=\"wp-image-137\" srcset=\"https:\/\/rmann.ch\/wp-content\/uploads\/2021\/05\/Preislisten-alle-300x121.png 300w, https:\/\/rmann.ch\/wp-content\/uploads\/2021\/05\/Preislisten-alle-148x60.png 148w, https:\/\/rmann.ch\/wp-content\/uploads\/2021\/05\/Preislisten-alle.png 675w\" sizes=\"auto, (max-width: 300px) 100vw, 300px\" \/><\/figure>\n","protected":false},"excerpt":{"rendered":"<p>\u2026 harmonisch. Nichts unterbricht die verzaubernde Reinheit und Harmonie eines monoplanen Schiebers \u2013 ein solcher Anblick ist immer auch eine Symphonie f\u00fcr alle Sinne. Front&nbsp;In allen RAL und NCS-Farben, oder vollfl\u00e4chiger Spiegel Korpus&nbsp;In allen RAL und NCS-Farben Innen&nbsp;Weiss, auf Wunsch farbig Masse H\u00f6he bis 242 &hellip; <\/p>\n","protected":false},"author":2,"featured_media":330,"parent":325,"menu_order":0,"comment_status":"closed","ping_status":"closed","template":"","meta":{"footnotes":""},"class_list":["post-346","page","type-page","status-publish","has-post-thumbnail","hentry","latest_post"],"jetpack_sharing_enabled":true,"_links":{"self":[{"href":"https:\/\/rmann.ch\/index.php?rest_route=\/wp\/v2\/pages\/346","targetHints":{"allow":["GET"]}}],"collection":[{"href":"https:\/\/rmann.ch\/index.php?rest_route=\/wp\/v2\/pages"}],"about":[{"href":"https:\/\/rmann.ch\/index.php?rest_route=\/wp\/v2\/types\/page"}],"author":[{"embeddable":true,"href":"https:\/\/rmann.ch\/index.php?rest_route=\/wp\/v2\/users\/2"}],"replies":[{"embeddable":true,"href":"https:\/\/rmann.ch\/index.php?rest_route=%2Fwp%2Fv2%2Fcomments&post=346"}],"version-history":[{"count":1,"href":"https:\/\/rmann.ch\/index.php?rest_route=\/wp\/v2\/pages\/346\/revisions"}],"predecessor-version":[{"id":347,"href":"https:\/\/rmann.ch\/index.php?rest_route=\/wp\/v2\/pages\/346\/revisions\/347"}],"up":[{"embeddable":true,"href":"https:\/\/rmann.ch\/index.php?rest_route=\/wp\/v2\/pages\/325"}],"wp:featuredmedia":[{"embeddable":true,"href":"https:\/\/rmann.ch\/index.php?rest_route=\/wp\/v2\/media\/330"}],"wp:attachment":[{"href":"https:\/\/rmann.ch\/index.php?rest_route=%2Fwp%2Fv2%2Fmedia&parent=346"}],"curies":[{"name":"wp","href":"https:\/\/api.w.org\/{rel}","templated":true}]}}