{"id":316,"date":"2021-06-09T14:25:01","date_gmt":"2021-06-09T14:25:01","guid":{"rendered":"https:\/\/archiv.fubo.ch\/?page_id=316"},"modified":"2021-06-09T14:25:01","modified_gmt":"2021-06-09T14:25:01","slug":"morcote","status":"publish","type":"page","link":"https:\/\/rmann.ch\/?page_id=316","title":{"rendered":"Morcote"},"content":{"rendered":"\n<figure class=\"wp-block-gallery columns-2 is-cropped wp-block-gallery-1 is-layout-flex wp-block-gallery-is-layout-flex\"><ul class=\"blocks-gallery-grid\"><li class=\"blocks-gallery-item\"><figure><img loading=\"lazy\" decoding=\"async\" width=\"930\" height=\"580\" src=\"https:\/\/rmann.ch\/wp-content\/uploads\/2021\/06\/maggia2.jpg\" alt=\"\" data-id=\"317\" data-link=\"https:\/\/rmann.ch\/?attachment_id=317\" class=\"wp-image-317\" srcset=\"https:\/\/rmann.ch\/wp-content\/uploads\/2021\/06\/maggia2.jpg 930w, https:\/\/rmann.ch\/wp-content\/uploads\/2021\/06\/maggia2-300x187.jpg 300w, https:\/\/rmann.ch\/wp-content\/uploads\/2021\/06\/maggia2-768x479.jpg 768w, https:\/\/rmann.ch\/wp-content\/uploads\/2021\/06\/maggia2-96x60.jpg 96w\" sizes=\"auto, (max-width: 930px) 100vw, 930px\" \/><\/figure><\/li><li class=\"blocks-gallery-item\"><figure><img loading=\"lazy\" decoding=\"async\" width=\"300\" height=\"187\" src=\"https:\/\/rmann.ch\/wp-content\/uploads\/2021\/06\/detail_rillenglas-300x187-1.jpg\" alt=\"\" data-id=\"319\" data-full-url=\"https:\/\/rmann.ch\/wp-content\/uploads\/2021\/06\/detail_rillenglas-300x187-1.jpg\" data-link=\"https:\/\/rmann.ch\/?attachment_id=319\" class=\"wp-image-319\" srcset=\"https:\/\/rmann.ch\/wp-content\/uploads\/2021\/06\/detail_rillenglas-300x187-1.jpg 300w, https:\/\/rmann.ch\/wp-content\/uploads\/2021\/06\/detail_rillenglas-300x187-1-96x60.jpg 96w\" sizes=\"auto, (max-width: 300px) 100vw, 300px\" \/><\/figure><\/li><\/ul><figcaption class=\"blocks-gallery-caption\">\u00a0<\/figcaption><\/figure>\n\n\n\n<p>\u2026 eiskalte Verf\u00fchrung. Auch oberfl\u00e4chlich ein echter Hingucker: Die Mattglasfront ist mit Rillen versehen \u2013 diese schlichte und elegante Struktur \u00fcberzeugt jeden, der sich f\u00fcr schn\u00f6rkelloses Design begeistert.<\/p>\n\n\n\n<p><strong>Front<\/strong>&nbsp;Mattglas mit Rillen, in allen RAL und NCS-Farben (auf Wunsch ohne Rillen)<\/p>\n\n\n\n<p><strong>Korpus<\/strong>&nbsp;In allen RAL oder NCS-Farben, Ahorn oder Buche furniert, natur oder gebeizt<\/p>\n\n\n\n<p><strong>Innen<\/strong>&nbsp;Weiss<\/p>\n\n\n\n<h3 class=\"wp-block-heading\">Masse<\/h3>\n\n\n\n<figure class=\"wp-block-table\"><table><tbody><tr><td><strong>H\u00f6he<\/strong><\/td><td>bis 242 cm<\/td><\/tr><tr><td><strong>Tiefe<\/strong><\/td><td>bis 68 cm<\/td><\/tr><tr><td><strong>Breite<\/strong><\/td><td>bis 386 cm<\/td><\/tr><\/tbody><\/table><\/figure>\n\n\n\n<p>Hier geht\u2019s zu unseren Preislisten<\/p>\n\n\n\n<figure class=\"wp-block-image size-medium\"><img loading=\"lazy\" decoding=\"async\" width=\"300\" height=\"121\" src=\"https:\/\/rmann.ch\/wp-content\/uploads\/2021\/05\/Preislisten-alle-300x121.png\" alt=\"\" class=\"wp-image-137\" srcset=\"https:\/\/rmann.ch\/wp-content\/uploads\/2021\/05\/Preislisten-alle-300x121.png 300w, https:\/\/rmann.ch\/wp-content\/uploads\/2021\/05\/Preislisten-alle-148x60.png 148w, https:\/\/rmann.ch\/wp-content\/uploads\/2021\/05\/Preislisten-alle.png 675w\" sizes=\"auto, (max-width: 300px) 100vw, 300px\" \/><\/figure>\n","protected":false},"excerpt":{"rendered":"<p>\u2026 eiskalte Verf\u00fchrung. Auch oberfl\u00e4chlich ein echter Hingucker: Die Mattglasfront ist mit Rillen versehen \u2013 diese schlichte und elegante Struktur \u00fcberzeugt jeden, der sich f\u00fcr schn\u00f6rkelloses Design begeistert. Front&nbsp;Mattglas mit Rillen, in allen RAL und NCS-Farben (auf Wunsch ohne Rillen) Korpus&nbsp;In allen RAL oder NCS-Farben, &hellip; <\/p>\n","protected":false},"author":2,"featured_media":318,"parent":293,"menu_order":0,"comment_status":"closed","ping_status":"closed","template":"","meta":{"footnotes":""},"class_list":["post-316","page","type-page","status-publish","has-post-thumbnail","hentry","latest_post"],"jetpack_sharing_enabled":true,"_links":{"self":[{"href":"https:\/\/rmann.ch\/index.php?rest_route=\/wp\/v2\/pages\/316","targetHints":{"allow":["GET"]}}],"collection":[{"href":"https:\/\/rmann.ch\/index.php?rest_route=\/wp\/v2\/pages"}],"about":[{"href":"https:\/\/rmann.ch\/index.php?rest_route=\/wp\/v2\/types\/page"}],"author":[{"embeddable":true,"href":"https:\/\/rmann.ch\/index.php?rest_route=\/wp\/v2\/users\/2"}],"replies":[{"embeddable":true,"href":"https:\/\/rmann.ch\/index.php?rest_route=%2Fwp%2Fv2%2Fcomments&post=316"}],"version-history":[{"count":1,"href":"https:\/\/rmann.ch\/index.php?rest_route=\/wp\/v2\/pages\/316\/revisions"}],"predecessor-version":[{"id":320,"href":"https:\/\/rmann.ch\/index.php?rest_route=\/wp\/v2\/pages\/316\/revisions\/320"}],"up":[{"embeddable":true,"href":"https:\/\/rmann.ch\/index.php?rest_route=\/wp\/v2\/pages\/293"}],"wp:featuredmedia":[{"embeddable":true,"href":"https:\/\/rmann.ch\/index.php?rest_route=\/wp\/v2\/media\/318"}],"wp:attachment":[{"href":"https:\/\/rmann.ch\/index.php?rest_route=%2Fwp%2Fv2%2Fmedia&parent=316"}],"curies":[{"name":"wp","href":"https:\/\/api.w.org\/{rel}","templated":true}]}}