{"id":171,"date":"2021-06-08T09:27:33","date_gmt":"2021-06-08T09:27:33","guid":{"rendered":"https:\/\/archiv.fubo.ch\/?page_id=171"},"modified":"2021-06-21T10:15:59","modified_gmt":"2021-06-21T10:15:59","slug":"davos","status":"publish","type":"page","link":"https:\/\/rmann.ch\/?page_id=171","title":{"rendered":"Davos"},"content":{"rendered":"\n<figure class=\"wp-block-gallery columns-2 is-cropped wp-block-gallery-1 is-layout-flex wp-block-gallery-is-layout-flex\"><ul class=\"blocks-gallery-grid\"><li class=\"blocks-gallery-item\"><figure><img loading=\"lazy\" decoding=\"async\" width=\"930\" height=\"580\" src=\"https:\/\/rmann.ch\/wp-content\/uploads\/2021\/06\/davos_n.jpg\" alt=\"\" data-id=\"172\" data-full-url=\"https:\/\/rmann.ch\/wp-content\/uploads\/2021\/06\/davos_n.jpg\" data-link=\"https:\/\/rmann.ch\/?attachment_id=172\" class=\"wp-image-172\" srcset=\"https:\/\/rmann.ch\/wp-content\/uploads\/2021\/06\/davos_n.jpg 930w, https:\/\/rmann.ch\/wp-content\/uploads\/2021\/06\/davos_n-300x187.jpg 300w, https:\/\/rmann.ch\/wp-content\/uploads\/2021\/06\/davos_n-768x479.jpg 768w, https:\/\/rmann.ch\/wp-content\/uploads\/2021\/06\/davos_n-96x60.jpg 96w\" sizes=\"auto, (max-width: 930px) 100vw, 930px\" \/><\/figure><\/li><li class=\"blocks-gallery-item\"><figure><img loading=\"lazy\" decoding=\"async\" width=\"739\" height=\"580\" src=\"https:\/\/rmann.ch\/wp-content\/uploads\/2021\/06\/davos-xl.jpg\" alt=\"\" data-id=\"173\" data-full-url=\"https:\/\/rmann.ch\/wp-content\/uploads\/2021\/06\/davos-xl.jpg\" data-link=\"https:\/\/rmann.ch\/?attachment_id=173\" class=\"wp-image-173\" srcset=\"https:\/\/rmann.ch\/wp-content\/uploads\/2021\/06\/davos-xl.jpg 739w, https:\/\/rmann.ch\/wp-content\/uploads\/2021\/06\/davos-xl-300x235.jpg 300w, https:\/\/rmann.ch\/wp-content\/uploads\/2021\/06\/davos-xl-76x60.jpg 76w\" sizes=\"auto, (max-width: 739px) 100vw, 739px\" \/><\/figure><\/li><\/ul><\/figure>\n\n\n\n<p>Ein Schrank, drei Gesichter: Welche Wirkung die Masse der T\u00fcren auf den Betrachter haben, m\u00f6chten wir Ihnen am Beispiel des Davos zeigen. Wer es eher filigran mag, wird sich f\u00fcr eine T\u00fcrbreite von 38 cm entscheiden. 50 cm breite T\u00fcren verleihen dem Schrank deutlich mehr Pr\u00e4senz. Wenn das Ambiente einen volumin\u00f6sen Schrank-Auftritt erm\u00f6glicht, verfehlen die T\u00fcren mit einer Breite von 74 cm nicht ihre Wirkung.<\/p>\n\n\n\n<p><strong>Front<\/strong>&nbsp;Kunstharz weiss&nbsp;<strong>Korpus<\/strong>&nbsp;Kunstharz weiss&nbsp;<strong>Innen<\/strong>&nbsp;Weiss<\/p>\n\n\n\n<p><strong>T\u00fcrbreiten<\/strong>&nbsp;<strong>N<\/strong>&nbsp;50cm,&nbsp;<strong>XS<\/strong>&nbsp;38 cm,&nbsp;<strong>XL<\/strong>&nbsp;74 cm<\/p>\n\n\n\n<h3 class=\"wp-block-heading\">Masse<\/h3>\n\n\n\n<figure class=\"wp-block-table\"><table><tbody><tr><td><strong>H\u00f6he<\/strong><\/td><td>bis 242 cm<\/td><\/tr><tr><td><strong>Tiefe<\/strong><\/td><td>bis 60 cm<\/td><\/tr><tr><td><strong>Breite<\/strong><\/td><td>variabel<\/td><\/tr><\/tbody><\/table><\/figure>\n","protected":false},"excerpt":{"rendered":"<p>Ein Schrank, drei Gesichter: Welche Wirkung die Masse der T\u00fcren auf den Betrachter haben, m\u00f6chten wir Ihnen am Beispiel des Davos zeigen. Wer es eher filigran mag, wird sich f\u00fcr eine T\u00fcrbreite von 38 cm entscheiden. 50 cm breite T\u00fcren verleihen dem Schrank deutlich mehr &hellip; <\/p>\n","protected":false},"author":2,"featured_media":87,"parent":245,"menu_order":0,"comment_status":"closed","ping_status":"closed","template":"","meta":{"footnotes":""},"class_list":["post-171","page","type-page","status-publish","has-post-thumbnail","hentry","latest_post"],"jetpack_sharing_enabled":true,"_links":{"self":[{"href":"https:\/\/rmann.ch\/index.php?rest_route=\/wp\/v2\/pages\/171","targetHints":{"allow":["GET"]}}],"collection":[{"href":"https:\/\/rmann.ch\/index.php?rest_route=\/wp\/v2\/pages"}],"about":[{"href":"https:\/\/rmann.ch\/index.php?rest_route=\/wp\/v2\/types\/page"}],"author":[{"embeddable":true,"href":"https:\/\/rmann.ch\/index.php?rest_route=\/wp\/v2\/users\/2"}],"replies":[{"embeddable":true,"href":"https:\/\/rmann.ch\/index.php?rest_route=%2Fwp%2Fv2%2Fcomments&post=171"}],"version-history":[{"count":2,"href":"https:\/\/rmann.ch\/index.php?rest_route=\/wp\/v2\/pages\/171\/revisions"}],"predecessor-version":[{"id":906,"href":"https:\/\/rmann.ch\/index.php?rest_route=\/wp\/v2\/pages\/171\/revisions\/906"}],"up":[{"embeddable":true,"href":"https:\/\/rmann.ch\/index.php?rest_route=\/wp\/v2\/pages\/245"}],"wp:featuredmedia":[{"embeddable":true,"href":"https:\/\/rmann.ch\/index.php?rest_route=\/wp\/v2\/media\/87"}],"wp:attachment":[{"href":"https:\/\/rmann.ch\/index.php?rest_route=%2Fwp%2Fv2%2Fmedia&parent=171"}],"curies":[{"name":"wp","href":"https:\/\/api.w.org\/{rel}","templated":true}]}}